{"id":4914,"date":"2026-03-18T11:02:10","date_gmt":"2026-03-18T14:02:10","guid":{"rendered":"https:\/\/binatural.com.br\/?post_type=edicoes_radar&#038;p=4914"},"modified":"2026-03-18T14:52:04","modified_gmt":"2026-03-18T17:52:04","slug":"projetos-e-parcerias-3","status":"publish","type":"edicoes_radar","link":"https:\/\/binatural.com.br\/en\/radar-binatural\/projetos-e-parcerias-3\/","title":{"rendered":"Projetos e Parcerias\u00a0"},"content":{"rendered":"<p><strong>Coaliz\u00e3o dos Biocombust\u00edveis fortalece agenda comum do setor<\/strong>&nbsp;<br>Em meio \u00e0 busca pela&nbsp;descarboniza\u00e7\u00e3o e&nbsp;redu\u00e7\u00e3o da depend\u00eancia dos combust\u00edveis f\u00f3sseis,&nbsp;quatro&nbsp;frentes parlamentares do Congresso Nacional \u2014 Agropecu\u00e1ria, Biodiesel, Etanol e Economia Verde \u2014&nbsp;lan\u00e7aram a Coaliz\u00e3o dos Biocombust\u00edveis, no \u00faltimo dia 4 de fevereiro, em Bras\u00edlia.&nbsp;&nbsp;<\/p>\n\n\n\n<figure class=\"wp-block-image size-full\"><img fetchpriority=\"high\" decoding=\"async\" width=\"1024\" height=\"592\" src=\"https:\/\/binatural.com.br\/wp-content\/uploads\/2026\/03\/2-1024x592-1.png\" alt=\"\" class=\"wp-image-4944\" srcset=\"https:\/\/binatural.com.br\/wp-content\/uploads\/2026\/03\/2-1024x592-1.png 1024w, https:\/\/binatural.com.br\/wp-content\/uploads\/2026\/03\/2-1024x592-1-300x173.png 300w, https:\/\/binatural.com.br\/wp-content\/uploads\/2026\/03\/2-1024x592-1-768x444.png 768w, https:\/\/binatural.com.br\/wp-content\/uploads\/2026\/03\/2-1024x592-1-18x10.png 18w\" sizes=\"(max-width: 1024px) 100vw, 1024px\" \/><\/figure>\n\n\n\n<p>&nbsp;A iniciativa tem&nbsp;o objetivo de fortalecer o setor e acelerar a implementa\u00e7\u00e3o&nbsp;de medidas que ampliem a utiliza\u00e7\u00e3o de combust\u00edveis renov\u00e1veis no Brasil e no mundo.&nbsp;Al\u00e9m disso, a Coaliz\u00e3o almeja amplificar&nbsp;o di\u00e1logo com embaixadores e mercados internacionais, refor\u00e7ando o papel estrat\u00e9gico dos biocombust\u00edveis para o Brasil liderar&nbsp;a transi\u00e7\u00e3o energ\u00e9tica global, com benef\u00edcios ambientais, econ\u00f4micos e sociais.&nbsp;<\/p>\n\n\n\n<p>Como resultado pr\u00e1tico dessa uni\u00e3o, no \u00faltimo dia 9 de mar\u00e7o, em S\u00e3o Paulo,&nbsp;a Coaliz\u00e3o entregou&nbsp;o documento Mapa do Caminho&nbsp;ao embaixador e presidente da COP30, Andr\u00e9 Corr\u00eaa do Lago.&nbsp;&nbsp;O texto destaca as principais externalidades positivas dos biocombust\u00edveis brasileiros, entre eles, o biodiesel. De acordo&nbsp;com&nbsp;o deputado&nbsp;federal&nbsp;Arnaldo Jardim,&nbsp;coordenador-geral do Movimento, diante do cen\u00e1rio atual,&nbsp;a meta&nbsp;\u00e9&nbsp;quadruplicar a produ\u00e7\u00e3o&nbsp;de biocombust\u00edveis&nbsp;nos pr\u00f3ximos anos.&nbsp;&nbsp;<\/p>\n\n\n\n<p>\u201cO Brasil j\u00e1 tem uma ind\u00fastria de biocombust\u00edveis madura e competitiva. O que est\u00e1 em jogo,&nbsp;agora,&nbsp;\u00e9 consolidar essa rota e dar estabilidade para que ela continue gerando emprego, renda e redu\u00e7\u00e3o real de emiss\u00f5es\u201d, disse Andr\u00e9 Lavor, CEO e cofundador da&nbsp;Binatural, uma das dez maiores empresas de biodiesel do pa\u00eds.&nbsp;&nbsp;<\/p>","protected":false},"excerpt":{"rendered":"<p>Coaliz\u00e3o dos Biocombust\u00edveis fortalece agenda comum do setor&nbsp;Em meio \u00e0 busca pela&nbsp;descarboniza\u00e7\u00e3o e&nbsp;redu\u00e7\u00e3o da depend\u00eancia dos combust\u00edveis f\u00f3sseis,&nbsp;quatro&nbsp;frentes parlamentares do Congresso Nacional \u2014 Agropecu\u00e1ria, Biodiesel, Etanol e Economia Verde \u2014&nbsp;lan\u00e7aram a Coaliz\u00e3o dos Biocombust\u00edveis, no \u00faltimo dia 4 de fevereiro, em Bras\u00edlia.&nbsp;&nbsp; &nbsp;A iniciativa tem&nbsp;o objetivo de fortalecer o setor e acelerar a implementa\u00e7\u00e3o&nbsp;de medidas [&hellip;]<\/p>\n","protected":false},"featured_media":0,"template":"","edicao":[135],"class_list":["post-4914","edicoes_radar","type-edicoes_radar","status-publish","hentry","edicao-edicao-de-marco-de-2026"],"yoast_head":"<!-- This site is optimized with the Yoast SEO plugin v27.5 - https:\/\/yoast.com\/product\/yoast-seo-wordpress\/ -->\n<title>Projetos e Parcerias\u00a0 - Binatural<\/title>\n<meta name=\"description\" content=\"Projetos e Parcerias\u00a0. Acesse as Edi\u00e7\u00f5es Radar da Binatural e fique por dentro das novidades, lan\u00e7amentos e conte\u00fados exclusivos sobre nossos produtos e servi\u00e7os.\" \/>\n<meta name=\"robots\" content=\"index, follow, max-snippet:-1, max-image-preview:large, max-video-preview:-1\" \/>\n<link rel=\"canonical\" href=\"https:\/\/binatural.com.br\/en\/radar-binatural\/projetos-e-parcerias-3\/\" \/>\n<meta property=\"og:locale\" content=\"en_US\" \/>\n<meta property=\"og:type\" content=\"article\" \/>\n<meta property=\"og:title\" content=\"Projetos e Parcerias\u00a0 - Binatural\" \/>\n<meta property=\"og:description\" content=\"Projetos e Parcerias\u00a0. Acesse as Edi\u00e7\u00f5es Radar da Binatural e fique por dentro das novidades, lan\u00e7amentos e conte\u00fados exclusivos sobre nossos produtos e servi\u00e7os.\" \/>\n<meta property=\"og:url\" content=\"https:\/\/binatural.com.br\/en\/radar-binatural\/projetos-e-parcerias-3\/\" \/>\n<meta property=\"og:site_name\" content=\"Binatural\" \/>\n<meta property=\"article:modified_time\" content=\"2026-03-18T17:52:04+00:00\" \/>\n<meta property=\"og:image\" content=\"https:\/\/binatural.com.br\/wp-content\/uploads\/2026\/03\/2-1024x592-1.png\" \/>\n\t<meta property=\"og:image:width\" content=\"1024\" \/>\n\t<meta property=\"og:image:height\" content=\"592\" \/>\n\t<meta property=\"og:image:type\" content=\"image\/png\" \/>\n<meta name=\"twitter:card\" content=\"summary_large_image\" \/>\n<meta name=\"twitter:label1\" content=\"Est. reading time\" \/>\n\t<meta name=\"twitter:data1\" content=\"2 minutes\" \/>\n<!-- \/ Yoast SEO plugin. -->","yoast_head_json":{"title":"Projetos e Parcerias\u00a0 - Binatural","description":"Projetos e Parcerias\u00a0. Acesse as Edi\u00e7\u00f5es Radar da Binatural e fique por dentro das novidades, lan\u00e7amentos e conte\u00fados exclusivos sobre nossos produtos e servi\u00e7os.","robots":{"index":"index","follow":"follow","max-snippet":"max-snippet:-1","max-image-preview":"max-image-preview:large","max-video-preview":"max-video-preview:-1"},"canonical":"https:\/\/binatural.com.br\/en\/radar-binatural\/projetos-e-parcerias-3\/","og_locale":"en_US","og_type":"article","og_title":"Projetos e Parcerias\u00a0 - Binatural","og_description":"Projetos e Parcerias\u00a0. Acesse as Edi\u00e7\u00f5es Radar da Binatural e fique por dentro das novidades, lan\u00e7amentos e conte\u00fados exclusivos sobre nossos produtos e servi\u00e7os.","og_url":"https:\/\/binatural.com.br\/en\/radar-binatural\/projetos-e-parcerias-3\/","og_site_name":"Binatural","article_modified_time":"2026-03-18T17:52:04+00:00","og_image":[{"width":1024,"height":592,"url":"https:\/\/binatural.com.br\/wp-content\/uploads\/2026\/03\/2-1024x592-1.png","type":"image\/png"}],"twitter_card":"summary_large_image","twitter_misc":{"Est. reading time":"2 minutes"},"schema":{"@context":"https:\/\/schema.org","@graph":[{"@type":"WebPage","@id":"https:\/\/binatural.com.br\/radar-binatural\/projetos-e-parcerias-3\/","url":"https:\/\/binatural.com.br\/radar-binatural\/projetos-e-parcerias-3\/","name":"Projetos e Parcerias\u00a0 - Binatural","isPartOf":{"@id":"https:\/\/binatural.com.br\/#website"},"primaryImageOfPage":{"@id":"https:\/\/binatural.com.br\/radar-binatural\/projetos-e-parcerias-3\/#primaryimage"},"image":{"@id":"https:\/\/binatural.com.br\/radar-binatural\/projetos-e-parcerias-3\/#primaryimage"},"thumbnailUrl":"https:\/\/binatural.com.br\/wp-content\/uploads\/2026\/03\/2-1024x592-1.png","datePublished":"2026-03-18T14:02:10+00:00","dateModified":"2026-03-18T17:52:04+00:00","description":"Projetos e Parcerias\u00a0. Acesse as Edi\u00e7\u00f5es Radar da Binatural e fique por dentro das novidades, lan\u00e7amentos e conte\u00fados exclusivos sobre nossos produtos e servi\u00e7os.","breadcrumb":{"@id":"https:\/\/binatural.com.br\/radar-binatural\/projetos-e-parcerias-3\/#breadcrumb"},"inLanguage":"en-US","potentialAction":[{"@type":"ReadAction","target":["https:\/\/binatural.com.br\/radar-binatural\/projetos-e-parcerias-3\/"]}]},{"@type":"ImageObject","inLanguage":"en-US","@id":"https:\/\/binatural.com.br\/radar-binatural\/projetos-e-parcerias-3\/#primaryimage","url":"https:\/\/binatural.com.br\/wp-content\/uploads\/2026\/03\/2-1024x592-1.png","contentUrl":"https:\/\/binatural.com.br\/wp-content\/uploads\/2026\/03\/2-1024x592-1.png"},{"@type":"BreadcrumbList","@id":"https:\/\/binatural.com.br\/radar-binatural\/projetos-e-parcerias-3\/#breadcrumb","itemListElement":[{"@type":"ListItem","position":1,"name":"In\u00edcio","item":"https:\/\/binatural.com.br\/"},{"@type":"ListItem","position":2,"name":"Edi\u00e7\u00f5es Radar","item":"https:\/\/binatural.com.br\/en\/radar-binatural\/"},{"@type":"ListItem","position":3,"name":"Projetos e Parcerias\u00a0"}]},{"@type":"WebSite","@id":"https:\/\/binatural.com.br\/#website","url":"https:\/\/binatural.com.br\/","name":"Binatural","description":"A Binatural foi uma das pioneiras na produ\u00e7\u00e3o de biodiesel no pa\u00eds, investindo em novas tecnologias, processos e m\u00e3o de obra.","publisher":{"@id":"https:\/\/binatural.com.br\/#organization"},"potentialAction":[{"@type":"SearchAction","target":{"@type":"EntryPoint","urlTemplate":"https:\/\/binatural.com.br\/?s={search_term_string}"},"query-input":{"@type":"PropertyValueSpecification","valueRequired":true,"valueName":"search_term_string"}}],"inLanguage":"en-US"},{"@type":"Organization","@id":"https:\/\/binatural.com.br\/#organization","name":"Binatural","url":"https:\/\/binatural.com.br\/","logo":{"@type":"ImageObject","inLanguage":"en-US","@id":"https:\/\/binatural.com.br\/#\/schema\/logo\/image\/","url":"https:\/\/binatural.com.br\/wp-content\/uploads\/2021\/12\/binatural.png","contentUrl":"https:\/\/binatural.com.br\/wp-content\/uploads\/2021\/12\/binatural.png","width":91,"height":80,"caption":"Binatural"},"image":{"@id":"https:\/\/binatural.com.br\/#\/schema\/logo\/image\/"}}]}},"_links":{"self":[{"href":"https:\/\/binatural.com.br\/en\/wp-json\/wp\/v2\/edicoes_radar\/4914","targetHints":{"allow":["GET"]}}],"collection":[{"href":"https:\/\/binatural.com.br\/en\/wp-json\/wp\/v2\/edicoes_radar"}],"about":[{"href":"https:\/\/binatural.com.br\/en\/wp-json\/wp\/v2\/types\/edicoes_radar"}],"version-history":[{"count":4,"href":"https:\/\/binatural.com.br\/en\/wp-json\/wp\/v2\/edicoes_radar\/4914\/revisions"}],"predecessor-version":[{"id":4945,"href":"https:\/\/binatural.com.br\/en\/wp-json\/wp\/v2\/edicoes_radar\/4914\/revisions\/4945"}],"wp:attachment":[{"href":"https:\/\/binatural.com.br\/en\/wp-json\/wp\/v2\/media?parent=4914"}],"wp:term":[{"taxonomy":"edicao","embeddable":true,"href":"https:\/\/binatural.com.br\/en\/wp-json\/wp\/v2\/edicao?post=4914"}],"curies":[{"name":"wp","href":"https:\/\/api.w.org\/{rel}","templated":true}]}}

<p><strong>Coalizão dos Biocombustíveis fortalece agenda comum do setor</strong>&nbsp;<br>Em meio à busca pela&nbsp;descarbonização e&nbsp;redução da dependência dos combustíveis fósseis,&nbsp;quatro&nbsp;frentes parlamentares do Congresso Nacional — Agropecuária, Biodiesel, Etanol e Economia Verde —&nbsp;lançaram a Coalizão dos Biocombustíveis, no último dia 4 de fevereiro, em Brasília.&nbsp;&nbsp;</p>



<figure class="wp-block-image size-full"><img fetchpriority="high" decoding="async" width="1024" height="592" src="https://binatural.com.br/wp-content/uploads/2026/03/2-1024x592-1.png" alt="" class="wp-image-4944" srcset="https://binatural.com.br/wp-content/uploads/2026/03/2-1024x592-1.png 1024w, https://binatural.com.br/wp-content/uploads/2026/03/2-1024x592-1-300x173.png 300w, https://binatural.com.br/wp-content/uploads/2026/03/2-1024x592-1-768x444.png 768w, https://binatural.com.br/wp-content/uploads/2026/03/2-1024x592-1-18x10.png 18w" sizes="(max-width: 1024px) 100vw, 1024px" /></figure>



<p>&nbsp;A iniciativa tem&nbsp;o objetivo de fortalecer o setor e acelerar a implementação&nbsp;de medidas que ampliem a utilização de combustíveis renováveis no Brasil e no mundo.&nbsp;Além disso, a Coalizão almeja amplificar&nbsp;o diálogo com embaixadores e mercados internacionais, reforçando o papel estratégico dos biocombustíveis para o Brasil liderar&nbsp;a transição energética global, com benefícios ambientais, econômicos e sociais.&nbsp;</p>



<p>Como resultado prático dessa união, no último dia 9 de março, em São Paulo,&nbsp;a Coalizão entregou&nbsp;o documento Mapa do Caminho&nbsp;ao embaixador e presidente da COP30, André Corrêa do Lago.&nbsp;&nbsp;O texto destaca as principais externalidades positivas dos biocombustíveis brasileiros, entre eles, o biodiesel. De acordo&nbsp;com&nbsp;o deputado&nbsp;federal&nbsp;Arnaldo Jardim,&nbsp;coordenador-geral do Movimento, diante do cenário atual,&nbsp;a meta&nbsp;é&nbsp;quadruplicar a produção&nbsp;de biocombustíveis&nbsp;nos próximos anos.&nbsp;&nbsp;</p>



<p>“O Brasil já tem uma indústria de biocombustíveis madura e competitiva. O que está em jogo,&nbsp;agora,&nbsp;é consolidar essa rota e dar estabilidade para que ela continue gerando emprego, renda e redução real de emissões”, disse André Lavor, CEO e cofundador da&nbsp;Binatural, uma das dez maiores empresas de biodiesel do país.&nbsp;&nbsp;</p>

<p>Coalizão dos Biocombustíveis fortalece agenda comum do setor&nbsp;Em meio à busca pela&nbsp;descarbonização e&nbsp;redução da dependência dos combustíveis fósseis,&nbsp;quatro&nbsp;frentes parlamentares do Congresso Nacional — Agropecuária, Biodiesel, Etanol e Economia Verde —&nbsp;lançaram a Coalizão dos Biocombustíveis, no último dia 4 de fevereiro, em Brasília.&nbsp;&nbsp; &nbsp;A iniciativa tem&nbsp;o objetivo de fortalecer o setor e acelerar a implementação&nbsp;de medidas [&hellip;]</p>

<!-- This site is optimized with the Yoast SEO plugin v27.5 - https://yoast.com/product/yoast-seo-wordpress/ -->
<title>Projetos e Parcerias  - Binatural</title>
<meta name="description" content="Projetos e Parcerias . Acesse as Edições Radar da Binatural e fique por dentro das novidades, lançamentos e conteúdos exclusivos sobre nossos produtos e serviços." />
<meta name="robots" content="index, follow, max-snippet:-1, max-image-preview:large, max-video-preview:-1" />
<link rel="canonical" href="https://binatural.com.br/en/radar-binatural/projetos-e-parcerias-3/" />
<meta property="og:locale" content="en_US" />
<meta property="og:type" content="article" />
<meta property="og:title" content="Projetos e Parcerias  - Binatural" />
<meta property="og:description" content="Projetos e Parcerias . Acesse as Edições Radar da Binatural e fique por dentro das novidades, lançamentos e conteúdos exclusivos sobre nossos produtos e serviços." />
<meta property="og:url" content="https://binatural.com.br/en/radar-binatural/projetos-e-parcerias-3/" />
<meta property="og:site_name" content="Binatural" />
<meta property="article:modified_time" content="2026-03-18T17:52:04+00:00" />
<meta property="og:image" content="https://binatural.com.br/wp-content/uploads/2026/03/2-1024x592-1.png" />
	<meta property="og:image:width" content="1024" />
	<meta property="og:image:height" content="592" />
	<meta property="og:image:type" content="image/png" />
<meta name="twitter:card" content="summary_large_image" />
<meta name="twitter:label1" content="Est. reading time" />
	<meta name="twitter:data1" content="2 minutes" />
<!-- / Yoast SEO plugin. -->

Projetos e Parcerias . Acesse as Edições Radar da Binatural e fique por dentro das novidades, lançamentos e conteúdos exclusivos sobre nossos produtos e serviços.

Início

Edições Radar

A Binatural foi uma das pioneiras na produção de biodiesel no país, investindo em novas tecnologias, processos e mão de obra.
