{"id":3328,"date":"2025-07-15T14:36:58","date_gmt":"2025-07-15T17:36:58","guid":{"rendered":"https:\/\/binatural.com.br\/?post_type=edicoes_radar&#038;p=3328"},"modified":"2025-07-15T16:13:27","modified_gmt":"2025-07-15T19:13:27","slug":"consciencia-energetica","status":"publish","type":"edicoes_radar","link":"https:\/\/binatural.com.br\/en\/radar-binatural\/consciencia-energetica\/","title":{"rendered":"Consci\u00eancia Energ\u00e9tica"},"content":{"rendered":"<p><strong>Educa\u00e7\u00e3o energ\u00e9tica que transforma: o que as escolas (ainda) n\u00e3o ensinam sobre biodiesel<\/strong><\/p>\n\n\n\n<figure class=\"wp-block-gallery has-nested-images columns-default is-cropped wp-block-gallery-1 is-layout-flex wp-block-gallery-is-layout-flex\">\n<figure class=\"wp-block-image size-large\"><img fetchpriority=\"high\" decoding=\"async\" width=\"1024\" height=\"683\" data-id=\"3331\" src=\"https:\/\/binatural.com.br\/wp-content\/uploads\/2025\/07\/WhatsApp-Image-2025-07-07-at-16.04.50-2-1-1024x683.png\" alt=\"\" class=\"wp-image-3331\" srcset=\"https:\/\/binatural.com.br\/wp-content\/uploads\/2025\/07\/WhatsApp-Image-2025-07-07-at-16.04.50-2-1-1024x683.png 1024w, https:\/\/binatural.com.br\/wp-content\/uploads\/2025\/07\/WhatsApp-Image-2025-07-07-at-16.04.50-2-1-300x200.png 300w, https:\/\/binatural.com.br\/wp-content\/uploads\/2025\/07\/WhatsApp-Image-2025-07-07-at-16.04.50-2-1-768x512.png 768w, https:\/\/binatural.com.br\/wp-content\/uploads\/2025\/07\/WhatsApp-Image-2025-07-07-at-16.04.50-2-1-1536x1024.png 1536w, https:\/\/binatural.com.br\/wp-content\/uploads\/2025\/07\/WhatsApp-Image-2025-07-07-at-16.04.50-2-1-2048x1365.png 2048w, https:\/\/binatural.com.br\/wp-content\/uploads\/2025\/07\/WhatsApp-Image-2025-07-07-at-16.04.50-2-1-18x12.png 18w\" sizes=\"(max-width: 1024px) 100vw, 1024px\" \/><\/figure>\n<\/figure>\n\n\n\n<p>Enquanto as mudan\u00e7as clim\u00e1ticas j\u00e1 ocupam espa\u00e7o nos curr\u00edculos escolares, o ensino sobre biocombust\u00edveis segue restrito, mas algumas iniciativas come\u00e7am a mudar esse cen\u00e1rio.<\/p>\n\n\n\n<p>A crise clim\u00e1tica, seus impactos e a necessidade de solu\u00e7\u00f5es sustent\u00e1veis s\u00e3o temas cada vez mais presentes nas salas de aula brasileiras. Nos \u00faltimos anos, crian\u00e7as e adolescentes t\u00eam aprendido sobre o aquecimento global, a polui\u00e7\u00e3o e a import\u00e2ncia de preservar o meio ambiente. No entanto, quando o assunto s\u00e3o as alternativas energ\u00e9ticas, especialmente os biocombust\u00edveis, o conte\u00fado n\u00e3o costuma ir al\u00e9m do b\u00e1sico.<\/p>\n\n\n\n<p>O biodiesel, por exemplo, ainda \u00e9 pouco abordado nos curr\u00edculos, apesar de seu papel estrat\u00e9gico na matriz energ\u00e9tica brasileira e do impacto direto que gera na inclus\u00e3o social e na valoriza\u00e7\u00e3o da agricultura familiar. Sem esse aprofundamento, perde-se a chance de conectar ci\u00eancia, tecnologia, meio ambiente e realidade local.<\/p>\n\n\n\n<p>Reconhecendo essa lacuna, algumas escolas e institui\u00e7\u00f5es de ensino v\u00eam investindo em projetos educativos que aproximam os alunos da pr\u00e1tica e do futuro. Um bom exemplo vem da Escola Casa da Inf\u00e2ncia (Salvador\/BA), onde foi instalado um ponto de coleta de \u00f3leo de cozinha usado, como parte do programa \u00d3leo e Vida, promovido pela Binatural.<\/p>\n\n\n\n<p>\u201cAqui, na escola, valorizamos muito a vida cotidiana e tudo aquilo que acontece no nosso entorno. Luciana Leite, m\u00e3e de duas crian\u00e7as da Casa, trabalha como coordenadora de sustentabilidade na Binatural e nos trouxe materiais diversos que foram lidos, estudados e pesquisados. De imediato, as crian\u00e7as decidiram fazer uma mobiliza\u00e7\u00e3o com os vizinhos e moradores locais para coletar materiais, como \u00f3leo de cozinha, que servem para produzir o biodiesel\u201d, conta Mar\u00edlia Dourado, diretora da Casa da Inf\u00e2ncia.<\/p>\n\n\n\n<p>\u201cDaniel, uma crian\u00e7a de 10 anos, fascinado com os carros abastecidos com biocombust\u00edvel fez uma mobiliza\u00e7\u00e3o no seu condom\u00ednio e o engajamento cresceu. Cartazes e folhetos foram espalhados pela escola e os \u00f3leos limpos e coados come\u00e7aram a chegar para o descarte correto. As crian\u00e7as s\u00e3o indiv\u00edduos de direitos comprometidos com um planeta saud\u00e1vel, limpo e sustent\u00e1vel\u201d, complementa a educadora.<\/p>\n\n\n\n<p><strong>Da educa\u00e7\u00e3o b\u00e1sica \u00e0 pesquisa aplicada<\/strong><\/p>\n\n\n\n<p>Al\u00e9m das escolas, universidades e centros de pesquisa tamb\u00e9m t\u00eam ampliado sua atua\u00e7\u00e3o no tema. Projetos de extens\u00e3o desenvolvidos em parceria com o setor privado t\u00eam aproximado estudantes, professores e pesquisadores dos desafios reais da produ\u00e7\u00e3o de energia renov\u00e1vel no Brasil.<\/p>\n\n\n\n<p>A Binatural, por exemplo, tem fortalecido conex\u00f5es com institui\u00e7\u00f5es de ensino superior no Nordeste, promovendo visitas t\u00e9cnicas \u00e0 sua unidade e oferecendo apoio \u00e0 pesquisa aplicada. \u201cQueremos que mais estudantes conhe\u00e7am a cadeia do biodiesel desde a origem. Isso muda a percep\u00e7\u00e3o deles sobre o que significa energia renov\u00e1vel, inclus\u00e3o e inova\u00e7\u00e3o\u201d, afirma Andr\u00e9 Lavor, CEO da empresa.<\/p>\n\n\n\n<p>Apesar das boas pr\u00e1ticas, ainda h\u00e1 um longo caminho para que os biocombust\u00edveis ganhem espa\u00e7o real e cont\u00ednuo no ambiente educacional. O tema envolve ci\u00eancia, agricultura, economia circular e cidadania, com potencial para ser um instrumento de forma\u00e7\u00e3o cr\u00edtica e de valoriza\u00e7\u00e3o do territ\u00f3rio onde as escolas est\u00e3o inseridas.<\/p>\n\n\n\n<p>A educa\u00e7\u00e3o sobre energias renov\u00e1veis n\u00e3o deve ser um conte\u00fado isolado, mas uma jornada transversal e vivencial, capaz de preparar as novas gera\u00e7\u00f5es para os desafios e oportunidades da transi\u00e7\u00e3o energ\u00e9tica justa.<\/p>\n\n\n\n<p>Levar o biodiesel para a sala de aula \u00e9 investir em conhecimento com ra\u00edzes e prop\u00f3sito. \u00c9 plantar sementes para um futuro mais limpo, consciente e inclusivo.<\/p>","protected":false},"excerpt":{"rendered":"<p>Educa\u00e7\u00e3o energ\u00e9tica que transforma: o que as escolas (ainda) n\u00e3o ensinam sobre biodiesel Enquanto as mudan\u00e7as clim\u00e1ticas j\u00e1 ocupam espa\u00e7o nos curr\u00edculos escolares, o ensino sobre biocombust\u00edveis segue restrito, mas algumas iniciativas come\u00e7am a mudar esse cen\u00e1rio. A crise clim\u00e1tica, seus impactos e a necessidade de solu\u00e7\u00f5es sustent\u00e1veis s\u00e3o temas cada vez mais presentes nas [&hellip;]<\/p>\n","protected":false},"featured_media":0,"template":"","edicao":[15],"class_list":["post-3328","edicoes_radar","type-edicoes_radar","status-publish","hentry","edicao-edicao-de-julho"],"yoast_head":"<!-- This site is optimized with the Yoast SEO plugin v27.5 - https:\/\/yoast.com\/product\/yoast-seo-wordpress\/ -->\n<title>Consci\u00eancia Energ\u00e9tica - Binatural<\/title>\n<meta name=\"description\" content=\"Consci\u00eancia Energ\u00e9tica. Acesse as Edi\u00e7\u00f5es Radar da Binatural e fique por dentro das novidades, lan\u00e7amentos e conte\u00fados exclusivos sobre nossos produtos e servi\u00e7os.\" \/>\n<meta name=\"robots\" content=\"index, follow, max-snippet:-1, max-image-preview:large, max-video-preview:-1\" \/>\n<link rel=\"canonical\" href=\"https:\/\/binatural.com.br\/en\/radar-binatural\/consciencia-energetica\/\" \/>\n<meta property=\"og:locale\" content=\"en_US\" \/>\n<meta property=\"og:type\" content=\"article\" \/>\n<meta property=\"og:title\" content=\"Consci\u00eancia Energ\u00e9tica - Binatural\" \/>\n<meta property=\"og:description\" content=\"Consci\u00eancia Energ\u00e9tica. Acesse as Edi\u00e7\u00f5es Radar da Binatural e fique por dentro das novidades, lan\u00e7amentos e conte\u00fados exclusivos sobre nossos produtos e servi\u00e7os.\" \/>\n<meta property=\"og:url\" content=\"https:\/\/binatural.com.br\/en\/radar-binatural\/consciencia-energetica\/\" \/>\n<meta property=\"og:site_name\" content=\"Binatural\" \/>\n<meta property=\"article:modified_time\" content=\"2025-07-15T19:13:27+00:00\" \/>\n<meta property=\"og:image\" content=\"https:\/\/binatural.com.br\/wp-content\/uploads\/2025\/07\/WhatsApp-Image-2025-07-07-at-16.04.50-2-1-1024x683.png\" \/>\n\t<meta property=\"og:image:width\" content=\"1024\" \/>\n\t<meta property=\"og:image:height\" content=\"683\" \/>\n\t<meta property=\"og:image:type\" content=\"image\/png\" \/>\n<meta name=\"twitter:card\" content=\"summary_large_image\" \/>\n<meta name=\"twitter:label1\" content=\"Est. reading time\" \/>\n\t<meta name=\"twitter:data1\" content=\"3 minutes\" \/>\n<!-- \/ Yoast SEO plugin. -->","yoast_head_json":{"title":"Consci\u00eancia Energ\u00e9tica - Binatural","description":"Consci\u00eancia Energ\u00e9tica. Acesse as Edi\u00e7\u00f5es Radar da Binatural e fique por dentro das novidades, lan\u00e7amentos e conte\u00fados exclusivos sobre nossos produtos e servi\u00e7os.","robots":{"index":"index","follow":"follow","max-snippet":"max-snippet:-1","max-image-preview":"max-image-preview:large","max-video-preview":"max-video-preview:-1"},"canonical":"https:\/\/binatural.com.br\/en\/radar-binatural\/consciencia-energetica\/","og_locale":"en_US","og_type":"article","og_title":"Consci\u00eancia Energ\u00e9tica - Binatural","og_description":"Consci\u00eancia Energ\u00e9tica. Acesse as Edi\u00e7\u00f5es Radar da Binatural e fique por dentro das novidades, lan\u00e7amentos e conte\u00fados exclusivos sobre nossos produtos e servi\u00e7os.","og_url":"https:\/\/binatural.com.br\/en\/radar-binatural\/consciencia-energetica\/","og_site_name":"Binatural","article_modified_time":"2025-07-15T19:13:27+00:00","og_image":[{"width":1024,"height":683,"url":"https:\/\/binatural.com.br\/wp-content\/uploads\/2025\/07\/WhatsApp-Image-2025-07-07-at-16.04.50-2-1-1024x683.png","type":"image\/png"}],"twitter_card":"summary_large_image","twitter_misc":{"Est. reading time":"3 minutes"},"schema":{"@context":"https:\/\/schema.org","@graph":[{"@type":"WebPage","@id":"https:\/\/binatural.com.br\/radar-binatural\/consciencia-energetica\/","url":"https:\/\/binatural.com.br\/radar-binatural\/consciencia-energetica\/","name":"Consci\u00eancia Energ\u00e9tica - Binatural","isPartOf":{"@id":"https:\/\/binatural.com.br\/#website"},"primaryImageOfPage":{"@id":"https:\/\/binatural.com.br\/radar-binatural\/consciencia-energetica\/#primaryimage"},"image":{"@id":"https:\/\/binatural.com.br\/radar-binatural\/consciencia-energetica\/#primaryimage"},"thumbnailUrl":"https:\/\/binatural.com.br\/wp-content\/uploads\/2025\/07\/WhatsApp-Image-2025-07-07-at-16.04.50-2-1-1024x683.png","datePublished":"2025-07-15T17:36:58+00:00","dateModified":"2025-07-15T19:13:27+00:00","description":"Consci\u00eancia Energ\u00e9tica. Acesse as Edi\u00e7\u00f5es Radar da Binatural e fique por dentro das novidades, lan\u00e7amentos e conte\u00fados exclusivos sobre nossos produtos e servi\u00e7os.","breadcrumb":{"@id":"https:\/\/binatural.com.br\/radar-binatural\/consciencia-energetica\/#breadcrumb"},"inLanguage":"en-US","potentialAction":[{"@type":"ReadAction","target":["https:\/\/binatural.com.br\/radar-binatural\/consciencia-energetica\/"]}]},{"@type":"ImageObject","inLanguage":"en-US","@id":"https:\/\/binatural.com.br\/radar-binatural\/consciencia-energetica\/#primaryimage","url":"https:\/\/binatural.com.br\/wp-content\/uploads\/2025\/07\/WhatsApp-Image-2025-07-07-at-16.04.50-2-1-1024x683.png","contentUrl":"https:\/\/binatural.com.br\/wp-content\/uploads\/2025\/07\/WhatsApp-Image-2025-07-07-at-16.04.50-2-1-1024x683.png"},{"@type":"BreadcrumbList","@id":"https:\/\/binatural.com.br\/radar-binatural\/consciencia-energetica\/#breadcrumb","itemListElement":[{"@type":"ListItem","position":1,"name":"In\u00edcio","item":"https:\/\/binatural.com.br\/"},{"@type":"ListItem","position":2,"name":"Edi\u00e7\u00f5es Radar","item":"https:\/\/binatural.com.br\/en\/radar-binatural\/"},{"@type":"ListItem","position":3,"name":"Consci\u00eancia Energ\u00e9tica"}]},{"@type":"WebSite","@id":"https:\/\/binatural.com.br\/#website","url":"https:\/\/binatural.com.br\/","name":"Binatural","description":"A Binatural foi uma das pioneiras na produ\u00e7\u00e3o de biodiesel no pa\u00eds, investindo em novas tecnologias, processos e m\u00e3o de obra.","publisher":{"@id":"https:\/\/binatural.com.br\/#organization"},"potentialAction":[{"@type":"SearchAction","target":{"@type":"EntryPoint","urlTemplate":"https:\/\/binatural.com.br\/?s={search_term_string}"},"query-input":{"@type":"PropertyValueSpecification","valueRequired":true,"valueName":"search_term_string"}}],"inLanguage":"en-US"},{"@type":"Organization","@id":"https:\/\/binatural.com.br\/#organization","name":"Binatural","url":"https:\/\/binatural.com.br\/","logo":{"@type":"ImageObject","inLanguage":"en-US","@id":"https:\/\/binatural.com.br\/#\/schema\/logo\/image\/","url":"https:\/\/binatural.com.br\/wp-content\/uploads\/2021\/12\/binatural.png","contentUrl":"https:\/\/binatural.com.br\/wp-content\/uploads\/2021\/12\/binatural.png","width":91,"height":80,"caption":"Binatural"},"image":{"@id":"https:\/\/binatural.com.br\/#\/schema\/logo\/image\/"}}]}},"_links":{"self":[{"href":"https:\/\/binatural.com.br\/en\/wp-json\/wp\/v2\/edicoes_radar\/3328","targetHints":{"allow":["GET"]}}],"collection":[{"href":"https:\/\/binatural.com.br\/en\/wp-json\/wp\/v2\/edicoes_radar"}],"about":[{"href":"https:\/\/binatural.com.br\/en\/wp-json\/wp\/v2\/types\/edicoes_radar"}],"version-history":[{"count":12,"href":"https:\/\/binatural.com.br\/en\/wp-json\/wp\/v2\/edicoes_radar\/3328\/revisions"}],"predecessor-version":[{"id":3372,"href":"https:\/\/binatural.com.br\/en\/wp-json\/wp\/v2\/edicoes_radar\/3328\/revisions\/3372"}],"wp:attachment":[{"href":"https:\/\/binatural.com.br\/en\/wp-json\/wp\/v2\/media?parent=3328"}],"wp:term":[{"taxonomy":"edicao","embeddable":true,"href":"https:\/\/binatural.com.br\/en\/wp-json\/wp\/v2\/edicao?post=3328"}],"curies":[{"name":"wp","href":"https:\/\/api.w.org\/{rel}","templated":true}]}}

Consciência Energética

<p><strong>Educação energética que transforma: o que as escolas (ainda) não ensinam sobre biodiesel</strong></p>



<figure class="wp-block-gallery has-nested-images columns-default is-cropped wp-block-gallery-1 is-layout-flex wp-block-gallery-is-layout-flex">
<figure class="wp-block-image size-large"><img fetchpriority="high" decoding="async" width="1024" height="683" data-id="3331" src="https://binatural.com.br/wp-content/uploads/2025/07/WhatsApp-Image-2025-07-07-at-16.04.50-2-1-1024x683.png" alt="" class="wp-image-3331" srcset="https://binatural.com.br/wp-content/uploads/2025/07/WhatsApp-Image-2025-07-07-at-16.04.50-2-1-1024x683.png 1024w, https://binatural.com.br/wp-content/uploads/2025/07/WhatsApp-Image-2025-07-07-at-16.04.50-2-1-300x200.png 300w, https://binatural.com.br/wp-content/uploads/2025/07/WhatsApp-Image-2025-07-07-at-16.04.50-2-1-768x512.png 768w, https://binatural.com.br/wp-content/uploads/2025/07/WhatsApp-Image-2025-07-07-at-16.04.50-2-1-1536x1024.png 1536w, https://binatural.com.br/wp-content/uploads/2025/07/WhatsApp-Image-2025-07-07-at-16.04.50-2-1-2048x1365.png 2048w, https://binatural.com.br/wp-content/uploads/2025/07/WhatsApp-Image-2025-07-07-at-16.04.50-2-1-18x12.png 18w" sizes="(max-width: 1024px) 100vw, 1024px" /></figure>
</figure>



<p>Enquanto as mudanças climáticas já ocupam espaço nos currículos escolares, o ensino sobre biocombustíveis segue restrito, mas algumas iniciativas começam a mudar esse cenário.</p>



<p>A crise climática, seus impactos e a necessidade de soluções sustentáveis são temas cada vez mais presentes nas salas de aula brasileiras. Nos últimos anos, crianças e adolescentes têm aprendido sobre o aquecimento global, a poluição e a importância de preservar o meio ambiente. No entanto, quando o assunto são as alternativas energéticas, especialmente os biocombustíveis, o conteúdo não costuma ir além do básico.</p>



<p>O biodiesel, por exemplo, ainda é pouco abordado nos currículos, apesar de seu papel estratégico na matriz energética brasileira e do impacto direto que gera na inclusão social e na valorização da agricultura familiar. Sem esse aprofundamento, perde-se a chance de conectar ciência, tecnologia, meio ambiente e realidade local.</p>



<p>Reconhecendo essa lacuna, algumas escolas e instituições de ensino vêm investindo em projetos educativos que aproximam os alunos da prática e do futuro. Um bom exemplo vem da Escola Casa da Infância (Salvador/BA), onde foi instalado um ponto de coleta de óleo de cozinha usado, como parte do programa Óleo e Vida, promovido pela Binatural.</p>



<p>“Aqui, na escola, valorizamos muito a vida cotidiana e tudo aquilo que acontece no nosso entorno. Luciana Leite, mãe de duas crianças da Casa, trabalha como coordenadora de sustentabilidade na Binatural e nos trouxe materiais diversos que foram lidos, estudados e pesquisados. De imediato, as crianças decidiram fazer uma mobilização com os vizinhos e moradores locais para coletar materiais, como óleo de cozinha, que servem para produzir o biodiesel”, conta Marília Dourado, diretora da Casa da Infância.</p>



<p>“Daniel, uma criança de 10 anos, fascinado com os carros abastecidos com biocombustível fez uma mobilização no seu condomínio e o engajamento cresceu. Cartazes e folhetos foram espalhados pela escola e os óleos limpos e coados começaram a chegar para o descarte correto. As crianças são indivíduos de direitos comprometidos com um planeta saudável, limpo e sustentável”, complementa a educadora.</p>



<p><strong>Da educação básica à pesquisa aplicada</strong></p>



<p>Além das escolas, universidades e centros de pesquisa também têm ampliado sua atuação no tema. Projetos de extensão desenvolvidos em parceria com o setor privado têm aproximado estudantes, professores e pesquisadores dos desafios reais da produção de energia renovável no Brasil.</p>



<p>A Binatural, por exemplo, tem fortalecido conexões com instituições de ensino superior no Nordeste, promovendo visitas técnicas à sua unidade e oferecendo apoio à pesquisa aplicada. “Queremos que mais estudantes conheçam a cadeia do biodiesel desde a origem. Isso muda a percepção deles sobre o que significa energia renovável, inclusão e inovação”, afirma André Lavor, CEO da empresa.</p>



<p>Apesar das boas práticas, ainda há um longo caminho para que os biocombustíveis ganhem espaço real e contínuo no ambiente educacional. O tema envolve ciência, agricultura, economia circular e cidadania, com potencial para ser um instrumento de formação crítica e de valorização do território onde as escolas estão inseridas.</p>



<p>A educação sobre energias renováveis não deve ser um conteúdo isolado, mas uma jornada transversal e vivencial, capaz de preparar as novas gerações para os desafios e oportunidades da transição energética justa.</p>



<p>Levar o biodiesel para a sala de aula é investir em conhecimento com raízes e propósito. É plantar sementes para um futuro mais limpo, consciente e inclusivo.</p>

<p>Educação energética que transforma: o que as escolas (ainda) não ensinam sobre biodiesel Enquanto as mudanças climáticas já ocupam espaço nos currículos escolares, o ensino sobre biocombustíveis segue restrito, mas algumas iniciativas começam a mudar esse cenário. A crise climática, seus impactos e a necessidade de soluções sustentáveis são temas cada vez mais presentes nas [&hellip;]</p>

<!-- This site is optimized with the Yoast SEO plugin v27.5 - https://yoast.com/product/yoast-seo-wordpress/ -->
<title>Consciência Energética - Binatural</title>
<meta name="description" content="Consciência Energética. Acesse as Edições Radar da Binatural e fique por dentro das novidades, lançamentos e conteúdos exclusivos sobre nossos produtos e serviços." />
<meta name="robots" content="index, follow, max-snippet:-1, max-image-preview:large, max-video-preview:-1" />
<link rel="canonical" href="https://binatural.com.br/en/radar-binatural/consciencia-energetica/" />
<meta property="og:locale" content="en_US" />
<meta property="og:type" content="article" />
<meta property="og:title" content="Consciência Energética - Binatural" />
<meta property="og:description" content="Consciência Energética. Acesse as Edições Radar da Binatural e fique por dentro das novidades, lançamentos e conteúdos exclusivos sobre nossos produtos e serviços." />
<meta property="og:url" content="https://binatural.com.br/en/radar-binatural/consciencia-energetica/" />
<meta property="og:site_name" content="Binatural" />
<meta property="article:modified_time" content="2025-07-15T19:13:27+00:00" />
<meta property="og:image" content="https://binatural.com.br/wp-content/uploads/2025/07/WhatsApp-Image-2025-07-07-at-16.04.50-2-1-1024x683.png" />
	<meta property="og:image:width" content="1024" />
	<meta property="og:image:height" content="683" />
	<meta property="og:image:type" content="image/png" />
<meta name="twitter:card" content="summary_large_image" />
<meta name="twitter:label1" content="Est. reading time" />
	<meta name="twitter:data1" content="3 minutes" />
<!-- / Yoast SEO plugin. -->

Consciência Energética - Binatural

Consciência Energética. Acesse as Edições Radar da Binatural e fique por dentro das novidades, lançamentos e conteúdos exclusivos sobre nossos produtos e serviços.

Início

Edições Radar

A Binatural foi uma das pioneiras na produção de biodiesel no país, investindo em novas tecnologias, processos e mão de obra.
